{"id":2417,"date":"2023-05-10T09:17:50","date_gmt":"2023-05-10T09:17:50","guid":{"rendered":"https:\/\/www.ctenergeticremusradulet.ro\/scoala\/?page_id=2417"},"modified":"2023-05-19T16:10:25","modified_gmt":"2023-05-19T16:10:25","slug":"baza-materiala","status":"publish","type":"page","link":"http:\/\/www.ctenergeticremusradulet.ro\/scoala\/baza-materiala\/","title":{"rendered":"BAZA MATERIAL\u0102"},"content":{"rendered":"\n<p>           <\/p>\n\n\n\n<p><\/p>\n\n\n\n<p>          \u0218coala Gimnazial\u0103 nr 31 Bra\u0219ov are \u00een dotare laboratoare moderne, bibliotec\u0103, s\u0103li de clas\u0103 moderne dotate cu table inteligente, teren \u0219i sal\u0103 de sport modern\u0103, cabinet medical.<\/p>\n\n\n\n<p><\/p>\n\n\n\n<p><strong><em>BIBLIOTEC\u0102<\/em><\/strong><\/p>\n\n\n\n<p>Biblioteca din cadrul \u0219colii de\u0163ine 21500 volume \u015fi are 250 de cititori.<\/p>\n\n\n\n<p>Cea mai mare parte dintre volumele bibliotecii au fost achizi\u0163ionate \u00een vederea form\u0103rii unei culturi solide \u015fi a unei bune preg\u0103tiri de specialitate a elevilor. Ace\u015ftia au la dispozi\u0163ie c\u0103r\u0163i de literatur\u0103 rom\u00e2n\u0103 \u015fi universal\u0103, de fizic\u0103, chimie, istorie \u015fi geografie precum \u015fi unele de art\u0103, turism \u015fi divertisment.<\/p>\n\n\n\n<p>Cititorii bibliotecii pot consulta numeroasele dic\u0163ionare, enciclopedii, atlase \u015fi orice alte c\u0103r\u0163i \u00een bibliotec\u0103 \u00eentr-o atmosfer\u0103 lini\u0219tit\u0103 \u0219i sub \u00eendrumarea bibliotecarei.<\/p>\n\n\n\n<p>Tot \u00een incinta bibliotecii se pot organiza diferite activit\u0103\u021bi cum ar fi: ore de lectur\u0103, activit\u0103\u0163i \u00een care elevii \u00eenva\u0163\u0103 poezii \u015fi c\u00e2ntece, activit\u0103\u0163i \u00een colaborare cu psihologul \u015fcolii. Cititorii au acces \u0219i la Internet \u0219i sunt \u00eendruma\u021bi cum s\u0103 caute eficient informa\u021bii \u00een mediul online. \u00cenv\u0103\u021b\u0103torii \u0219i profesorii \u00eempreun\u0103 cu elevii pot viziona diferite filme documentare cu ocazia s\u0103rb\u0103torilor sau orice alt\u0103 ocazie. Cu clasele primare se organizeaz\u0103 \u0219i \u201cAtelierul fanteziei\u201d \u00een cadrul c\u0103ruia copii ascult\u0103 c\u00e2ntece, pove\u015fti, deseneaz\u0103, picteaz\u0103 sau realizeaz\u0103 diverse obiecte sub \u00eendrumarea bibliotecarului \u0219i a \u00eenv\u0103\u0163\u0103torilor, dup\u0103 care se pot organiza \u0219i expozi\u021bii cu materialele realizate.<\/p>\n\n\n\n<p>                                                                                                                                  <em>Bibliotecar&nbsp; Elekes Csilla<\/em><\/p>\n\n\n\n<p><strong><em>LABORATOR DE INFORMATIC\u0102<\/em><\/strong><\/p>\n\n\n\n<p>       \u0218coala Gimnazial\u0103 nr. 31 Bra\u0219ov, este dotat\u0103 cu un laboratoar de informatic\u0103 dedicat \u00een totalitate orelor de informatic\u0103 \u0219i pentru celelalte materii, d\u00e2nd posibilitatea de sus\u021binere a unor ore moderne, asistate de calculator.<\/p>\n\n\n\n<p>        Accesul la tehnica de calcul are dou\u0103 obiective: unul informativ, care vizeaz\u0103 ini\u021bierea elevilor \u00een utilizarea calculatoarelor, insu\u0219irea unor no\u021biuni de baz\u0103 ale sistemelor de operare, arhitectura calculatoarelor, a re\u021belelor de calculatoare, prezentarea principalelor aplica\u021bii software necesare edit\u0103rii documentelor, prezentariilor, achizi\u021bionarii \u0219i stoc\u0103rii datelor; \u015fi unul formativ, care are \u00een vedere dezvoltarea g\u00e2ndirii elevilor \u015fi a capacit\u0103\u0163ii de a recep\u0163iona \u015fi de a sistematiza informa\u0163ii. Laboratoarele sunt utilate cu mobilier modern, dotate cu calculatoare legate \u00een re\u021bea \u0219i conectate la Internet, \u00een care elevii descoper\u0103 cu drag tainele lumii computerizate.<\/p>\n\n\n\n<p><strong><em>S\u0102LI DE CLASE<\/em><\/strong><\/p>\n\n\n\n<p>S\u0103lile de clase sunt moderne, luminoase, curate, dotate cu laptopuri, table inteligente \u0219i videoproiectoare.<\/p>\n\n\n\n<p><\/p>\n\n\n\n<p><strong><em>TEREN \u0218I SAL\u0102 DE SPORT<\/em><\/strong><\/p>\n\n\n\n<p><\/p>\n\n\n\n<p><strong><em>CABINET MEDICAL<\/em><\/strong><\/p>\n","protected":false},"excerpt":{"rendered":"<p>\u0218coala Gimnazial\u0103 nr 31 Bra\u0219ov are \u00een dotare laboratoare moderne, bibliotec\u0103, s\u0103li de clas\u0103 moderne dotate cu table inteligente, teren \u0219i sal\u0103 de sport modern\u0103, cabinet medical. BIBLIOTEC\u0102 Biblioteca din cadrul \u0219colii de\u0163ine 21500 volume \u015fi are 250 de cititori. Cea mai mare parte dintre volumele bibliotecii au fost achizi\u0163ionate \u00een vederea form\u0103rii unei culturi [&hellip;]<\/p>\n","protected":false},"author":1,"featured_media":0,"parent":0,"menu_order":0,"comment_status":"closed","ping_status":"closed","template":"","meta":{"ngg_post_thumbnail":0},"_links":{"self":[{"href":"http:\/\/www.ctenergeticremusradulet.ro\/scoala\/wp-json\/wp\/v2\/pages\/2417"}],"collection":[{"href":"http:\/\/www.ctenergeticremusradulet.ro\/scoala\/wp-json\/wp\/v2\/pages"}],"about":[{"href":"http:\/\/www.ctenergeticremusradulet.ro\/scoala\/wp-json\/wp\/v2\/types\/page"}],"author":[{"embeddable":true,"href":"http:\/\/www.ctenergeticremusradulet.ro\/scoala\/wp-json\/wp\/v2\/users\/1"}],"replies":[{"embeddable":true,"href":"http:\/\/www.ctenergeticremusradulet.ro\/scoala\/wp-json\/wp\/v2\/comments?post=2417"}],"version-history":[{"count":8,"href":"http:\/\/www.ctenergeticremusradulet.ro\/scoala\/wp-json\/wp\/v2\/pages\/2417\/revisions"}],"predecessor-version":[{"id":2491,"href":"http:\/\/www.ctenergeticremusradulet.ro\/scoala\/wp-json\/wp\/v2\/pages\/2417\/revisions\/2491"}],"wp:attachment":[{"href":"http:\/\/www.ctenergeticremusradulet.ro\/scoala\/wp-json\/wp\/v2\/media?parent=2417"}],"curies":[{"name":"wp","href":"https:\/\/api.w.org\/{rel}","templated":true}]}}