{"id":2431,"date":"2023-05-10T09:29:56","date_gmt":"2023-05-10T09:29:56","guid":{"rendered":"http:\/\/www.ctenergeticremusradulet.ro\/scoala\/?page_id=2431"},"modified":"2023-10-26T13:07:50","modified_gmt":"2023-10-26T13:07:50","slug":"informatii-actualitati","status":"publish","type":"page","link":"http:\/\/www.ctenergeticremusradulet.ro\/scoala\/informatii-actualitati\/","title":{"rendered":"INFORMA\u021aII-ACTUALIT\u0102\u021aI"},"content":{"rendered":"\n<p><\/p>\n\n\n\n<p>NOUT\u0102\u021aI DE LA PREFECTURA BRA\u0218OV<\/p>\n\n\n\n<div class=\"wp-block-file\"><object class=\"wp-block-file__embed\" data=\"https:\/\/www.ctenergeticremusradulet.ro\/scoala\/wp-content\/uploads\/2023\/10\/PTCA.pdf\" type=\"application\/pdf\" style=\"width:100%;height:600px\" aria-label=\"Embed of PTCA.\"><\/object><a id=\"wp-block-file--media-810b4e7d-55de-49fa-a141-63da1bdb5889\" href=\"https:\/\/www.ctenergeticremusradulet.ro\/scoala\/wp-content\/uploads\/2023\/10\/PTCA.pdf\">PTCA<\/a><a href=\"https:\/\/www.ctenergeticremusradulet.ro\/scoala\/wp-content\/uploads\/2023\/10\/PTCA.pdf\" class=\"wp-block-file__button\" download aria-describedby=\"wp-block-file--media-810b4e7d-55de-49fa-a141-63da1bdb5889\">Download<\/a><\/div>\n\n\n\n<div class=\"wp-block-file\"><object class=\"wp-block-file__embed\" data=\"https:\/\/www.ctenergeticremusradulet.ro\/scoala\/wp-content\/uploads\/2023\/10\/PNCA.pdf\" type=\"application\/pdf\" style=\"width:100%;height:600px\" aria-label=\"Embed of PNCA.\"><\/object><a id=\"wp-block-file--media-383a95a3-5bb2-4cbb-bc37-1c20cdf86c47\" href=\"https:\/\/www.ctenergeticremusradulet.ro\/scoala\/wp-content\/uploads\/2023\/10\/PNCA.pdf\">PNCA<\/a><a href=\"https:\/\/www.ctenergeticremusradulet.ro\/scoala\/wp-content\/uploads\/2023\/10\/PNCA.pdf\" class=\"wp-block-file__button\" download aria-describedby=\"wp-block-file--media-383a95a3-5bb2-4cbb-bc37-1c20cdf86c47\">Download<\/a><\/div>\n\n\n\n<p><\/p>\n\n\n\n<p><a href=\"https:\/\/www.edumanager.ro\/ministerul-sanatatii-precizari-cu-privire-la-solicitarea-avizelor-epidemiologice-la-inceputul-anului-scolar\/\"><em>NOUT\u0102\u021aI DE LA MINISTERUL<\/em> <em>S\u0102N\u0102T\u0102\u021aII<\/em><\/a><\/p>\n\n\n\n<p><\/p>\n\n\n\n<p><\/p>\n\n\n\n<p><\/p>\n\n\n\n<p><strong><em>INFO-TRAFIC DE PERSOANE-GHIDUL CADRULUI DIDACTIC<\/em><\/strong><\/p>\n\n\n\n<div class=\"wp-block-file\"><object class=\"wp-block-file__embed\" data=\"http:\/\/www.ctenergeticremusradulet.ro\/scoala\/wp-content\/uploads\/2023\/05\/Traficul-de-persoane-Ghid-pentru-cadrele-didactice-2.pdf\" type=\"application\/pdf\" style=\"width:100%;height:600px\" aria-label=\"Embed of Traficul-de-persoane-Ghid-pentru-cadrele-didactice-2.\"><\/object><a id=\"wp-block-file--media-de59c1ec-205f-4fc4-8294-a2e3020009c0\" href=\"http:\/\/www.ctenergeticremusradulet.ro\/scoala\/wp-content\/uploads\/2023\/05\/Traficul-de-persoane-Ghid-pentru-cadrele-didactice-2.pdf\">Traficul-de-persoane-Ghid-pentru-cadrele-didactice-2<\/a><a href=\"http:\/\/www.ctenergeticremusradulet.ro\/scoala\/wp-content\/uploads\/2023\/05\/Traficul-de-persoane-Ghid-pentru-cadrele-didactice-2.pdf\" class=\"wp-block-file__button\" download aria-describedby=\"wp-block-file--media-de59c1ec-205f-4fc4-8294-a2e3020009c0\">Download<\/a><\/div>\n\n\n\n<p><\/p>\n\n\n\n<p><strong><em>INFO-TRAFIC DE PERSOANE-GHIDUL PENTRU P\u0102RIN\u021aI<\/em><\/strong><\/p>\n\n\n\n<div class=\"wp-block-file\"><object class=\"wp-block-file__embed\" data=\"http:\/\/www.ctenergeticremusradulet.ro\/scoala\/wp-content\/uploads\/2023\/05\/Traficul-de-persoane-Ghid-pentru-parinti-2.pdf\" type=\"application\/pdf\" style=\"width:100%;height:600px\" aria-label=\"Embed of Traficul-de-persoane-Ghid-pentru-parinti-2.\"><\/object><a id=\"wp-block-file--media-cda0d3ef-0359-44f0-aed3-e3df69875349\" href=\"http:\/\/www.ctenergeticremusradulet.ro\/scoala\/wp-content\/uploads\/2023\/05\/Traficul-de-persoane-Ghid-pentru-parinti-2.pdf\">Traficul-de-persoane-Ghid-pentru-parinti-2<\/a><a href=\"http:\/\/www.ctenergeticremusradulet.ro\/scoala\/wp-content\/uploads\/2023\/05\/Traficul-de-persoane-Ghid-pentru-parinti-2.pdf\" class=\"wp-block-file__button\" download aria-describedby=\"wp-block-file--media-cda0d3ef-0359-44f0-aed3-e3df69875349\">Download<\/a><\/div>\n\n\n\n<p><\/p>\n\n\n\n<p><strong><em>INFO-GRIP\u0102-2023<\/em><\/strong><\/p>\n\n\n\n<div class=\"wp-block-file\"><object class=\"wp-block-file__embed\" data=\"http:\/\/www.ctenergeticremusradulet.ro\/scoala\/wp-content\/uploads\/2023\/05\/Masuri-de-protectie-impotriva-gripei-1_230105_155629-1-1.pdf\" type=\"application\/pdf\" style=\"width:100%;height:600px\" aria-label=\"Embed of Masuri-de-protectie-impotriva-gripei-1_230105_155629-1-1.\"><\/object><a id=\"wp-block-file--media-280e4074-78fd-4fc1-8512-fbff477802e6\" href=\"http:\/\/www.ctenergeticremusradulet.ro\/scoala\/wp-content\/uploads\/2023\/05\/Masuri-de-protectie-impotriva-gripei-1_230105_155629-1-1.pdf\">Masuri-de-protectie-impotriva-gripei-1_230105_155629-1-1<\/a><a href=\"http:\/\/www.ctenergeticremusradulet.ro\/scoala\/wp-content\/uploads\/2023\/05\/Masuri-de-protectie-impotriva-gripei-1_230105_155629-1-1.pdf\" class=\"wp-block-file__button\" download aria-describedby=\"wp-block-file--media-280e4074-78fd-4fc1-8512-fbff477802e6\">Download<\/a><\/div>\n\n\n\n<p><\/p>\n\n\n\n<p><strong><em>INFO-ANTIBULLYING-NOEMBRIE 2022<\/em><\/strong><\/p>\n\n\n\n<div class=\"wp-block-file\"><object class=\"wp-block-file__embed\" data=\"http:\/\/www.ctenergeticremusradulet.ro\/scoala\/wp-content\/uploads\/2023\/05\/comunicat-presa-BULLYING-ISJ-noiembrie-2022-1.pdf\" type=\"application\/pdf\" style=\"width:100%;height:600px\" aria-label=\"Embed of comunicat-presa-BULLYING-ISJ-noiembrie-2022-1.\"><\/object><a id=\"wp-block-file--media-5f3b4177-fdf6-4f9b-abd6-494b32ca03f3\" href=\"http:\/\/www.ctenergeticremusradulet.ro\/scoala\/wp-content\/uploads\/2023\/05\/comunicat-presa-BULLYING-ISJ-noiembrie-2022-1.pdf\">comunicat-presa-BULLYING-ISJ-noiembrie-2022-1<\/a><a href=\"http:\/\/www.ctenergeticremusradulet.ro\/scoala\/wp-content\/uploads\/2023\/05\/comunicat-presa-BULLYING-ISJ-noiembrie-2022-1.pdf\" class=\"wp-block-file__button\" download aria-describedby=\"wp-block-file--media-5f3b4177-fdf6-4f9b-abd6-494b32ca03f3\">Download<\/a><\/div>\n","protected":false},"excerpt":{"rendered":"<p>NOUT\u0102\u021aI DE LA PREFECTURA BRA\u0218OV NOUT\u0102\u021aI DE LA MINISTERUL S\u0102N\u0102T\u0102\u021aII INFO-TRAFIC DE PERSOANE-GHIDUL CADRULUI DIDACTIC INFO-TRAFIC DE PERSOANE-GHIDUL PENTRU P\u0102RIN\u021aI INFO-GRIP\u0102-2023 INFO-ANTIBULLYING-NOEMBRIE 2022<\/p>\n","protected":false},"author":1,"featured_media":0,"parent":0,"menu_order":0,"comment_status":"closed","ping_status":"closed","template":"","meta":{"ngg_post_thumbnail":0},"_links":{"self":[{"href":"http:\/\/www.ctenergeticremusradulet.ro\/scoala\/wp-json\/wp\/v2\/pages\/2431"}],"collection":[{"href":"http:\/\/www.ctenergeticremusradulet.ro\/scoala\/wp-json\/wp\/v2\/pages"}],"about":[{"href":"http:\/\/www.ctenergeticremusradulet.ro\/scoala\/wp-json\/wp\/v2\/types\/page"}],"author":[{"embeddable":true,"href":"http:\/\/www.ctenergeticremusradulet.ro\/scoala\/wp-json\/wp\/v2\/users\/1"}],"replies":[{"embeddable":true,"href":"http:\/\/www.ctenergeticremusradulet.ro\/scoala\/wp-json\/wp\/v2\/comments?post=2431"}],"version-history":[{"count":11,"href":"http:\/\/www.ctenergeticremusradulet.ro\/scoala\/wp-json\/wp\/v2\/pages\/2431\/revisions"}],"predecessor-version":[{"id":2545,"href":"http:\/\/www.ctenergeticremusradulet.ro\/scoala\/wp-json\/wp\/v2\/pages\/2431\/revisions\/2545"}],"wp:attachment":[{"href":"http:\/\/www.ctenergeticremusradulet.ro\/scoala\/wp-json\/wp\/v2\/media?parent=2431"}],"curies":[{"name":"wp","href":"https:\/\/api.w.org\/{rel}","templated":true}]}}